= -11 + 9. Let k be 93 + -2*f/2. Suppose -s + t + 23 = 0, -2*s = 3*s + 5*t - k. Calculate the remainder when 103 is divided by s.
19
Let g = -1108 - -1126. What is the remainder when 453 is divided by g?
3
Suppose -9*p + 208 = 19. Calculate the remainder when 31 is divided by p.
10
Let q(v) = -4*v + 20. Suppose -52 = 4*m - 12. What is the remainder when q(m) is divided by 21?
18
Let t(g) = g**3 - 21*g**2 - 22*g + 7. Let q = 1 - -1. Suppose 3*m + 19 = f, -q*f - 3*f = 5*m + 5. What is the remainder when t(22) is divided by f?
3
Let d(n) = -5*n + 329. Calculate the remainder when d(-18) is divided by 30.
29
Let s(p) = 4*p - 6. Let w be s(2). Suppose -w*h = 4 - 12. Calculate the remainder when 7 is divided by h.
3
Let d(b) = -b**2 + 5*b + 10. Let m be 2/(-3)*(2 - -4). Let x be d(m). Calculate the remainder when (x/6 - -4)*-12 is divided by 3.
1
Let y(h) = h**2 + 30*h + 210. Calculate the remainder when 54 is divided by y(-11).
0
Let b(z) = -z**2 - 4*z + 5. Suppose -25 + 1 = 2*g - 2*k, -5*k + 25 = 0. Let v be b(g). Let n = v + 29. What is the remainder when 24 is divided by n?
11
What is the remainder when (-1)/(-2) + (-3 - 195/(-6)) is divided by 16?
14
Suppose -24 = -4*u + u. Let c(r) = -4*r - 40. Let p be c(-10). Suppose 0*l - 3*l + a + 41 = p, 2*a + 40 = 3*l. Calculate the remainder when l is divided by u.
6
Suppose -7*b - 20 = -125. Let g = -42 - -48. Calculate the remainder when b is divided by g.
3
Let s = -13 - -25. Calculate the remainder when 50 is divided by ((-2)/s*26)/(3/(-9)).
11
Let k(d) = 48*d + 14. Calculate the remainder when 81 is divided by k(0).
11
Suppose 66*v - 8436 = 54*v. What is the remainder when v is divided by 22?
21
What is the remainder when (-27)/(-2) + (-21)/42 is divided by 2?
1
Let x(r) = r**2 + 4*r - 22. What is the remainder when 557 is divided by x(4)?
7
What is the remainder when (15 - 7 - 54)/((-4)/22) is divided by 43?
38
Let v = -281 + 396. Calculate the remainder when v is divided by 40.
35
Calculate the remainder when (-1188)/(-48)*(-1 - (-22)/6) is divided by 36.
30
Suppose y + 354 = -9*v + 12*v, 5*y = 0. Let u(i) = -i**3 + 7*i**2 - 7*i. Calculate the remainder when v is divided by u(5).
13
Let a = -26 + -2. Let i = a - -65. Calculate the remainder when 71 is divided by i.
34
Let c be 1027/(-3) + (-5)/(-15). Calculate the remainder when (c/15)/((-2)/5) is divided by 15.
12
Let k(d) = 23*d - 119. What is the remainder when k(12) is divided by 8?
5
Let c = -2782 - -2809. Calculate the remainder when 2024 is divided by c.
26
Let u(d) = -d**3 - 7*d**2 + 3*d - 5. Let j be u(-8). What is the remainder when (-2)/(-8) - j/(-4) is divided by (-5)/((-11)/(132/15))?
1
Suppose 22 = 3*n - 17. Let r = 154 - -44. Suppose 12*o = 234 + r. Calculate the remainder when o is divided by n.
10
Let o = -10 + 14. Suppose -2*x = -10, 2*t - 12 - 22 = -o*x. Let f = 24 - 21. Calculate the remainder when t is divided by f.
1
Let a(w) = -w**3 + 6*w**2 - 3*w + 2. Let i be a(5). Suppose n = -i + 31. Calculate the remainder when 33 is divided by n.
14
Let y = 17 - -46. Suppose 3*k + 80 = 8*k. Suppose k = 5*t - 64. What is the remainder when y is divided by t?
15
Suppose -3*z + 5*z = 0, -456 = -4*i + 5*z. Suppose -5*x + 36 = -i. Suppose 3*b - 6 = 0, -2*h - 3*h = b - 57. What is the remainder when x is divided by h?
8
Suppose 4*p - 4*g + 2*g - 34 = 0, -5*g + 19 = 3*p. Let s = 148 - 133. Calculate the remainder when s is divided by p.
7
Suppose -2*r + 1 = -3*n, 2*r = 7*r + 5. What is the remainder when 13 is divided by n*(0 + 12/(-3))?
1
Suppose -5*d = t - 691, -3*t + 3515 = 2*t + 5*d. Suppose q - 2 = -10. Calculate the remainder when 6/8 - t/q is divided by 23.
20
Let z = 3 - 3. Suppose 3*w = -z*w + 153. Suppose -3*g + 4 = -d + 2, 0 = g - 5. Calculate the remainder when w is divided by d.
12
Suppose 23 = -2*w + 7. Let m(f) = 2*f**2 + 9*f - 8. Calculate the remainder when m(w) is divided by 13.
9
Let l(d) = 104*d - 828. Calculate the remainder when 275 is divided by l(8).
3
Suppose -5*j + 2*d = -35, -j - 8 - 12 = 5*d. Suppose t = -3*t - 4*i + 96, 0 = -j*t - 4*i + 118. What is the remainder when 129 is divided by t?
19
Let b = -236 - -252. Calculate the remainder when 107 is divided by b.
11
Let g(q) = 2*q**2 - 4*q - 2. Let s be -1 + 3 - (-11 - -13). Calculate the remainder when (4 - -37) + s + -2 is divided by g(4).
11
Let b(w) = -w**2 + 4*w + 4. Let g be (-10)/15*(-18)/(-4). Let z be b(g). What is the remainder when 17 is divided by 18 + z - (-5)/1?
5
Suppose -79*v = 3*v - 19926. What is the remainder when v is divided by 242?
1
Let t(c) be the first derivative of -c**2/2 + 3*c - 3. Suppose -6 = -4*p - 5*m + 3, 3*p - 7 = -4*m. Calculate the remainder when 2 is divided by t(p).
0
Suppose -3*j + 16 = j. What is the remainder when 9 is divided by j?
1
Let b(p) = -260*p - 759. What is the remainder when 2/(-5) - 827/(-5) is divided by b(-3)?
18
Let r(b) = -3*b**2 - 14*b + 41. Let x(j) = 4*j**2 + 15*j - 42. Let n(z) = -3*r(z) - 2*x(z). Calculate the remainder when n(-17) is divided by 114/7 + (-4)/14.
14
Suppose -13*z + 648 = 3*t - 10*z, t = 2*z + 213. What is the remainder when 444 is divided by t?
14
Suppose -2*a - 54 = -4*a. Let j(h) = -77*h + 2. Calculate the remainder when j(-1) is divided by a.
25
Suppose 41*f - 2204 - 1967 = -1588. Let b = -1 - -4. Suppose 48 + 0 = b*o. Calculate the remainder when f is divided by o.
15
Let p be (2 + -1 + 4)*1. Suppose -4*o - 2*s - s = -71, -p*o = -5*s - 45. Calculate the remainder when 16 + (-27 - 0)/(-3) is divided by o.
11
Suppose -6*a - 19 + 397 = 0. Calculate the remainder when a is divided by 24.
15
Let v(j) = 3*j - 5. Calculate the remainder when 57 is divided by v(7).
9
Let y(m) = 14*m**2 + 4*m - 3. Let i be y(-2). Let s = i - 13. Calculate the remainder when 60 is divided by s.
28
Suppose -17*j = -35*j + 144. Let z = -17 + 29. What is the remainder when z is divided by j?
4
Suppose 2*q - 3*q - 3*l = -252, 1222 = 5*q - 4*l. What is the remainder when q is divided by 25?
21
Suppose 38*j - 31*j - 175 = 0. Let f(l) = -l**3 - 5*l**2 + 5*l + 4. What is the remainder when j is divided by f(-6)?
5
Let r = 323 + -285. Calculate the remainder when 74 is divided by r.
36
Let s(c) = 2*c + 20. Let y(t) = t**3 + 13. Let b be y(0). Let f = -8 + b. What is the remainder when s(-6) is divided by f?
3
Suppose -3*l - 113 = -5*l - u, -5*u + 280 = 5*l. Suppose 31*q - l = 30*q. Calculate the remainder when q is divided by 16.
9
Let v be (15 - 3)/6*(-1)/(-2). Let o(r) = -r + 23*r**2 - 11*r**2 + 12*r**2. Calculate the remainder when o(v) is divided by 8.
7
Suppose -5*z - 40 = -10*z - 4*l, 4*z = -3*l + 32. Calculate the remainder when 44/(-6)*4/z*-6 is divided by 5.
2
Calculate the remainder when 303 is divided by 2 - (-2)/((-12)/(-18)).
3
Let z(s) = 1 - 1 + 2*s**2 - s - 2 + 4*s**2. What is the remainder when z(-2) is divided by 9?
6
Let b(d) = d**3 - 9*d**2 + 9*d. Let z(x) = x**3 - x**2 - x + 17. Let c be z(0). Suppose 5*g - 23 = c. What is the remainder when b(g) is divided by 3?
2
Let d be (-15)/(-40)*2 + (-9)/(-4). Suppose 3*c - p = -6*p + 31, d*p = 4*c - 22. Calculate the remainder when 12 is divided by c.
5
Let i = -323 - -345. Calculate the remainder when 767 is divided by i.
19
Let l(k) be the second derivative of k**4/2 + 2*k**3 - k**2/2 + 50*k. What is the remainder when 304 is divided by l(-3)?
15
Suppose -11*q + 252 = 54. Let g(i) = i**2 + 3*i - 13. What is the remainder when g(-9) is divided by q?
5
Let j be ((-25)/(-10))/(2/4). Suppose -2*i + j*i = 0. Suppose 0 = -3*v - i*v + 54. What is the remainder when 71 is divided by v?
17
Let q be (-7 + -1)*(-6)/8. Calculate the remainder when 54 is divided by 110/q - 10/(-15).
16
Let y(h) = 3*h**2 + 6*h - 9. Suppose 3*m - 5*m = -440. Suppose 2*p + 3*p = m. What is the remainder when p is divided by y(-4)?
14
Let l be 1/((-1)/(-6)) + -3. Suppose -3*c + 16 = l*m - 2*c, -4*m + 4*c = 0. Calculate the remainder when ((-18)/(-8))/((-1)/(16/(-6))) is divided by m.
2
Let a(s) = 2*s**2 - 9*s + 12. Calculate the remainder when (((-48)/15)/(-4))/(4/290) is divided by a(6).
28
Let p(v) = 2*v**2 - 15*v - 177. What is the remainder when 1727 is divided by p(15)?
47
Suppose -8*p + 11*p - 5*u - 39 = 0, 4*u + 39 = 3*p. Calculate the remainder when 75 is divided by p.
10
Let d